{"id":20189,"date":"2024-09-05T23:15:46","date_gmt":"2024-09-05T21:15:46","guid":{"rendered":"https:\/\/masdoix.com\/?post_type=product&#038;p=20189"},"modified":"2025-05-14T12:41:14","modified_gmt":"2025-05-14T10:41:14","slug":"salanques-2020","status":"publish","type":"product","link":"https:\/\/masdoix.com\/ca\/producte\/salanques-2020\/","title":{"rendered":"Salanques"},"content":{"rendered":"<div class=\"page\" title=\"Page 1\">\n<div class=\"section\">\n<div class=\"layoutArea\">\n<div class=\"column\">\n<p><strong>Anyada 2020<\/strong><\/p>\n<\/div>\n<\/div>\n<\/div>\n<\/div>\n<div class=\"page\" title=\"Page 1\">\n<div class=\"section\">\n<div class=\"layoutArea\">\n<div class=\"column\">\n<p>Collita primerenca. A conseq\u00fc\u00e8ncia de les altes temperatures, les plantes van iniciar el seu creixement vegetatiu entre 2 i 3 setmanes abans del que \u00e9s habitual. Aquest aven\u00e7 del cicle, unit a les intenses pluges primaverals i a les altes temperatures, va generar la &#8220;tempesta perfecta&#8221; per al desenvolupament del fong m\u00edldiu. Un estiu sec va accelerar el proc\u00e9s de<br \/>\nmaduraci\u00f3, per la qual cosa la collita va comen\u00e7ar una setmana abans del que \u00e9s habitual. El ra\u00efm sa era d&#8217;alta qualitat amb menys rendiment.<\/p>\n<\/div>\n<\/div>\n<\/div>\n<\/div>\n<p>&nbsp;<\/p>\n","protected":false},"excerpt":{"rendered":"<p>Anyada 2020 Collita primerenca. A conseq\u00fc\u00e8ncia de les altes temperatures, les plantes van iniciar el seu creixement vegetatiu entre 2 i 3 setmanes abans del que \u00e9s habitual. Aquest aven\u00e7 del cicle, unit a les intenses pluges primaverals i a les altes temperatures, va generar la &#8220;tempesta perfecta&#8221; per al desenvolupament del fong m\u00edldiu. Un [&hellip;]<\/p>\n","protected":false},"featured_media":20192,"template":"","meta":{"_et_pb_use_builder":"","_et_pb_old_content":"","_et_gb_content_width":""},"product_brand":[],"product_cat":[20],"product_tag":[],"giftcard-category":[],"class_list":{"0":"post-20189","1":"product","2":"type-product","3":"status-publish","4":"has-post-thumbnail","6":"product_cat-vins","8":"first","9":"instock","10":"shipping-taxable","11":"purchasable","12":"product-type-simple"},"yoast_head":"<!-- This site is optimized with the Yoast SEO plugin v26.4 - https:\/\/yoast.com\/wordpress\/plugins\/seo\/ -->\n<title>Salanques - \u25b7 Celler Mas Doix | DOQ Priorat | Poboleda<\/title>\n<meta name=\"robots\" content=\"index, follow, max-snippet:-1, max-image-preview:large, max-video-preview:-1\" \/>\n<link rel=\"canonical\" href=\"https:\/\/masdoix.com\/ca\/producte\/salanques-2020\/\" \/>\n<meta property=\"og:locale\" content=\"ca_ES\" \/>\n<meta property=\"og:type\" content=\"article\" \/>\n<meta property=\"og:title\" content=\"Salanques - \u25b7 Celler Mas Doix | DOQ Priorat | Poboleda\" \/>\n<meta property=\"og:description\" content=\"Anyada 2020 Collita primerenca. A conseq\u00fc\u00e8ncia de les altes temperatures, les plantes van iniciar el seu creixement vegetatiu entre 2 i 3 setmanes abans del que \u00e9s habitual. Aquest aven\u00e7 del cicle, unit a les intenses pluges primaverals i a les altes temperatures, va generar la &#8220;tempesta perfecta&#8221; per al desenvolupament del fong m\u00edldiu. Un [&hellip;]\" \/>\n<meta property=\"og:url\" content=\"https:\/\/masdoix.com\/ca\/producte\/salanques-2020\/\" \/>\n<meta property=\"og:site_name\" content=\"\u25b7 Celler Mas Doix | DOQ Priorat | Poboleda\" \/>\n<meta property=\"article:modified_time\" content=\"2025-05-14T10:41:14+00:00\" \/>\n<meta property=\"og:image\" content=\"https:\/\/masdoix.com\/wp-content\/uploads\/2024\/09\/salanques-2020.jpg\" \/>\n\t<meta property=\"og:image:width\" content=\"1200\" \/>\n\t<meta property=\"og:image:height\" content=\"1200\" \/>\n\t<meta property=\"og:image:type\" content=\"image\/jpeg\" \/>\n<meta name=\"twitter:card\" content=\"summary_large_image\" \/>\n<!-- \/ Yoast SEO plugin. -->","yoast_head_json":{"title":"Salanques - \u25b7 Celler Mas Doix | DOQ Priorat | Poboleda","robots":{"index":"index","follow":"follow","max-snippet":"max-snippet:-1","max-image-preview":"max-image-preview:large","max-video-preview":"max-video-preview:-1"},"canonical":"https:\/\/masdoix.com\/ca\/producte\/salanques-2020\/","og_locale":"ca_ES","og_type":"article","og_title":"Salanques - \u25b7 Celler Mas Doix | DOQ Priorat | Poboleda","og_description":"Anyada 2020 Collita primerenca. A conseq\u00fc\u00e8ncia de les altes temperatures, les plantes van iniciar el seu creixement vegetatiu entre 2 i 3 setmanes abans del que \u00e9s habitual. Aquest aven\u00e7 del cicle, unit a les intenses pluges primaverals i a les altes temperatures, va generar la &#8220;tempesta perfecta&#8221; per al desenvolupament del fong m\u00edldiu. Un [&hellip;]","og_url":"https:\/\/masdoix.com\/ca\/producte\/salanques-2020\/","og_site_name":"\u25b7 Celler Mas Doix | DOQ Priorat | Poboleda","article_modified_time":"2025-05-14T10:41:14+00:00","og_image":[{"width":1200,"height":1200,"url":"https:\/\/masdoix.com\/wp-content\/uploads\/2024\/09\/salanques-2020.jpg","type":"image\/jpeg"}],"twitter_card":"summary_large_image","schema":{"@context":"https:\/\/schema.org","@graph":[]}},"_links":{"self":[{"href":"https:\/\/masdoix.com\/ca\/wp-json\/wp\/v2\/product\/20189","targetHints":{"allow":["GET"]}}],"collection":[{"href":"https:\/\/masdoix.com\/ca\/wp-json\/wp\/v2\/product"}],"about":[{"href":"https:\/\/masdoix.com\/ca\/wp-json\/wp\/v2\/types\/product"}],"wp:featuredmedia":[{"embeddable":true,"href":"https:\/\/masdoix.com\/ca\/wp-json\/wp\/v2\/media\/20192"}],"wp:attachment":[{"href":"https:\/\/masdoix.com\/ca\/wp-json\/wp\/v2\/media?parent=20189"}],"wp:term":[{"taxonomy":"product_brand","embeddable":true,"href":"https:\/\/masdoix.com\/ca\/wp-json\/wp\/v2\/product_brand?post=20189"},{"taxonomy":"product_cat","embeddable":true,"href":"https:\/\/masdoix.com\/ca\/wp-json\/wp\/v2\/product_cat?post=20189"},{"taxonomy":"product_tag","embeddable":true,"href":"https:\/\/masdoix.com\/ca\/wp-json\/wp\/v2\/product_tag?post=20189"},{"taxonomy":"giftcard-category","embeddable":true,"href":"https:\/\/masdoix.com\/ca\/wp-json\/wp\/v2\/giftcard-category?post=20189"}],"curies":[{"name":"wp","href":"https:\/\/api.w.org\/{rel}","templated":true}]}}

<div class="page" title="Page 1">
<div class="section">
<div class="layoutArea">
<div class="column">
<p><strong>Anyada 2020</strong></p>
</div>
</div>
</div>
</div>
<div class="page" title="Page 1">
<div class="section">
<div class="layoutArea">
<div class="column">
<p>Collita primerenca. A conseqüència de les altes temperatures, les plantes van iniciar el seu creixement vegetatiu entre 2 i 3 setmanes abans del que és habitual. Aquest avenç del cicle, unit a les intenses pluges primaverals i a les altes temperatures, va generar la &#8220;tempesta perfecta&#8221; per al desenvolupament del fong míldiu. Un estiu sec va accelerar el procés de<br />
maduració, per la qual cosa la collita va començar una setmana abans del que és habitual. El raïm sa era d&#8217;alta qualitat amb menys rendiment.</p>
</div>
</div>
</div>
</div>
<p>&nbsp;</p>

<p>Anyada 2020 Collita primerenca. A conseqüència de les altes temperatures, les plantes van iniciar el seu creixement vegetatiu entre 2 i 3 setmanes abans del que és habitual. Aquest avenç del cicle, unit a les intenses pluges primaverals i a les altes temperatures, va generar la &#8220;tempesta perfecta&#8221; per al desenvolupament del fong míldiu. Un [&hellip;]</p>

<!-- This site is optimized with the Yoast SEO plugin v26.4 - https://yoast.com/wordpress/plugins/seo/ -->
<title>Salanques - ▷ Celler Mas Doix | DOQ Priorat | Poboleda</title>
<meta name="robots" content="index, follow, max-snippet:-1, max-image-preview:large, max-video-preview:-1" />
<link rel="canonical" href="https://masdoix.com/ca/producte/salanques-2020/" />
<meta property="og:locale" content="ca_ES" />
<meta property="og:type" content="article" />
<meta property="og:title" content="Salanques - ▷ Celler Mas Doix | DOQ Priorat | Poboleda" />
<meta property="og:description" content="Anyada 2020 Collita primerenca. A conseqüència de les altes temperatures, les plantes van iniciar el seu creixement vegetatiu entre 2 i 3 setmanes abans del que és habitual. Aquest avenç del cicle, unit a les intenses pluges primaverals i a les altes temperatures, va generar la &#8220;tempesta perfecta&#8221; per al desenvolupament del fong míldiu. Un [&hellip;]" />
<meta property="og:url" content="https://masdoix.com/ca/producte/salanques-2020/" />
<meta property="og:site_name" content="▷ Celler Mas Doix | DOQ Priorat | Poboleda" />
<meta property="article:modified_time" content="2025-05-14T10:41:14+00:00" />
<meta property="og:image" content="https://masdoix.com/wp-content/uploads/2024/09/salanques-2020.jpg" />
	<meta property="og:image:width" content="1200" />
	<meta property="og:image:height" content="1200" />
	<meta property="og:image:type" content="image/jpeg" />
<meta name="twitter:card" content="summary_large_image" />
<!-- / Yoast SEO plugin. -->

Anyada 2020 Collita primerenca. A conseqüència de les altes temperatures, les plantes van iniciar el seu creixement vegetatiu entre 2 i 3 setmanes abans del que és habitual. Aquest avenç del cicle, unit a les intenses pluges primaverals i a les altes temperatures, va generar la &#8220;tempesta perfecta&#8221; per al desenvolupament del fong míldiu. Un [&hellip;]
