{"version":"1.0","provider_name":"\u25b7 Celler Mas Doix | DOQ Priorat | Poboleda","provider_url":"https:\/\/masdoix.com\/es\/","author_name":"superintendente","author_url":"https:\/\/masdoix.com\/es\/author\/superintendente\/","title":"Salanques - \u25b7 Celler Mas Doix | DOQ Priorat | Poboleda","type":"rich","width":600,"height":338,"html":"<blockquote class=\"wp-embedded-content\" data-secret=\"eYyVU12MZa\"><a href=\"https:\/\/masdoix.com\/es\/producto\/salanques-2022\/\">Salanques<\/a><\/blockquote><iframe sandbox=\"allow-scripts\" security=\"restricted\" src=\"https:\/\/masdoix.com\/es\/producto\/salanques-2022\/embed\/#?secret=eYyVU12MZa\" width=\"600\" height=\"338\" title=\"\u00abSalanques\u00bb \u2014 \u25b7 Celler Mas Doix | DOQ Priorat | Poboleda\" data-secret=\"eYyVU12MZa\" frameborder=\"0\" marginwidth=\"0\" marginheight=\"0\" scrolling=\"no\" class=\"wp-embedded-content\"><\/iframe><script type=\"text\/javascript\">\n\/* <![CDATA[ *\/\n\/*! This file is auto-generated *\/\n!function(d,l){\"use strict\";l.querySelector&&d.addEventListener&&\"undefined\"!=typeof URL&&(d.wp=d.wp||{},d.wp.receiveEmbedMessage||(d.wp.receiveEmbedMessage=function(e){var t=e.data;if((t||t.secret||t.message||t.value)&&!\/[^a-zA-Z0-9]\/.test(t.secret)){for(var s,r,n,a=l.querySelectorAll('iframe[data-secret=\"'+t.secret+'\"]'),o=l.querySelectorAll('blockquote[data-secret=\"'+t.secret+'\"]'),c=new RegExp(\"^https?:$\",\"i\"),i=0;i<o.length;i++)o[i].style.display=\"none\";for(i=0;i<a.length;i++)s=a[i],e.source===s.contentWindow&&(s.removeAttribute(\"style\"),\"height\"===t.message?(1e3<(r=parseInt(t.value,10))?r=1e3:~~r<200&&(r=200),s.height=r):\"link\"===t.message&&(r=new URL(s.getAttribute(\"src\")),n=new URL(t.value),c.test(n.protocol))&&n.host===r.host&&l.activeElement===s&&(d.top.location.href=t.value))}},d.addEventListener(\"message\",d.wp.receiveEmbedMessage,!1),l.addEventListener(\"DOMContentLoaded\",function(){for(var e,t,s=l.querySelectorAll(\"iframe.wp-embedded-content\"),r=0;r<s.length;r++)(t=(e=s[r]).getAttribute(\"data-secret\"))||(t=Math.random().toString(36).substring(2,12),e.src+=\"#?secret=\"+t,e.setAttribute(\"data-secret\",t)),e.contentWindow.postMessage({message:\"ready\",secret:t},\"*\")},!1)))}(window,document);\n\/* ]]> *\/\n<\/script>\n","thumbnail_url":"https:\/\/masdoix.com\/wp-content\/uploads\/2025\/07\/salanques-2022.jpg","thumbnail_width":1200,"thumbnail_height":1200,"description":"A\u00f1ada 2022 El clima de 2022 ser\u00e1 recordado especialmente por el calor y, sobre todo, por su persistencia durante todo el verano. Un verano que, adem\u00e1s, empez\u00f3 muy pronto, con anomal\u00edas positivas de temperatura de m\u00e1s de 2 grados desde el mes de mayo. Tambi\u00e9n es destacable la falta de precipitaciones: aunque las tormentas de [&hellip;]"}

Añada 2022 El clima de 2022 será recordado especialmente por el calor y, sobre todo, por su persistencia durante todo el verano. Un verano que, además, empezó muy pronto, con anomalías positivas de temperatura de más de 2 grados desde el mes de mayo. También es destacable la falta de precipitaciones: aunque las tormentas de [&hellip;]
