{"id":801,"date":"2020-09-07T11:02:09","date_gmt":"2021-01-11T12:53:16","guid":{"rendered":"https:\/\/masdoix.com\/producte\/1902\/"},"modified":"2021-01-19T21:15:44","modified_gmt":"2021-01-19T19:15:44","slug":"1902","status":"publish","type":"product","link":"https:\/\/masdoix.com\/es\/producto\/1902\/","title":{"rendered":"1902"},"content":{"rendered":"<h3>Nota de cata<\/h3>\n<p class=\"p1\">\u00abLa a\u00f1ada 2016 tiene aromas poderosos en nariz, no muy alejados de los del Doix del mismo a\u00f1o, con notas florales entrelazadas con notas de grafito y pizarra h\u00fameda, un toque de corteza y tierra y un mont\u00f3n de hierbas arom\u00e1ticas, que recuerdan el paisaje del Priorat. En boca revela taninos abundantes, ligeramente polvorientos con la frescura el\u00e9ctrica del a\u00f1o\u00bb.<\/p>\n<p class=\"p1\"><i>The Wine Advocate \u2013 Agosto de 2019<\/i><\/p>\n<h3 class=\"p1\">A\u00f1ada<b> <\/b>2016<\/h3>\n<p class=\"p2\">Una a\u00f1ada para el recuerdo. Uvas peque\u00f1as y saludables, fruto de uno de los veranos m\u00e1s secos que hemos tenido hasta ahora despu\u00e9s de una primavera lluviosa. Las temperaturas medias moderadas con peque\u00f1as lluvias en septiembre nos proporcionaron una de las cosechas m\u00e1s tranquilas y largas de los \u00faltimos a\u00f1os. Muy buena maduraci\u00f3n y buena acidez. Una cosecha que marcar\u00e1 la diferencia, una de las mejores de los \u00faltimos a\u00f1os.<\/p>\n","protected":false},"excerpt":{"rendered":"<p>Nota de cata \u00abLa a\u00f1ada 2016 tiene aromas poderosos en nariz, no muy alejados de los del Doix del mismo a\u00f1o, con notas florales entrelazadas con notas de grafito y pizarra h\u00fameda, un toque de corteza y tierra y un mont\u00f3n de hierbas arom\u00e1ticas, que recuerdan el paisaje del Priorat. En boca revela taninos abundantes, [&hellip;]<\/p>\n","protected":false},"featured_media":0,"template":"","meta":{"_et_pb_use_builder":"","_et_pb_old_content":"","_et_gb_content_width":""},"product_brand":[],"product_cat":[46],"product_tag":[],"giftcard-category":[],"class_list":{"0":"post-801","1":"product","2":"type-product","3":"status-publish","5":"product_cat-vinos","7":"first","8":"instock","9":"shipping-taxable","10":"purchasable","11":"product-type-simple"},"yoast_head":"<!-- This site is optimized with the Yoast SEO plugin v26.4 - https:\/\/yoast.com\/wordpress\/plugins\/seo\/ -->\n<title>1902 - \u25b7 Celler Mas Doix | DOQ Priorat | Poboleda<\/title>\n<meta name=\"robots\" content=\"index, follow, max-snippet:-1, max-image-preview:large, max-video-preview:-1\" \/>\n<link rel=\"canonical\" href=\"https:\/\/masdoix.com\/es\/producto\/1902\/\" \/>\n<meta property=\"og:locale\" content=\"es_ES\" \/>\n<meta property=\"og:type\" content=\"article\" \/>\n<meta property=\"og:title\" content=\"1902 - \u25b7 Celler Mas Doix | DOQ Priorat | Poboleda\" \/>\n<meta property=\"og:description\" content=\"Nota de cata \u00abLa a\u00f1ada 2016 tiene aromas poderosos en nariz, no muy alejados de los del Doix del mismo a\u00f1o, con notas florales entrelazadas con notas de grafito y pizarra h\u00fameda, un toque de corteza y tierra y un mont\u00f3n de hierbas arom\u00e1ticas, que recuerdan el paisaje del Priorat. En boca revela taninos abundantes, [&hellip;]\" \/>\n<meta property=\"og:url\" content=\"https:\/\/masdoix.com\/es\/producto\/1902\/\" \/>\n<meta property=\"og:site_name\" content=\"\u25b7 Celler Mas Doix | DOQ Priorat | Poboleda\" \/>\n<meta property=\"article:modified_time\" content=\"2021-01-19T19:15:44+00:00\" \/>\n<meta name=\"twitter:card\" content=\"summary_large_image\" \/>\n<!-- \/ Yoast SEO plugin. -->","yoast_head_json":{"title":"1902 - \u25b7 Celler Mas Doix | DOQ Priorat | Poboleda","robots":{"index":"index","follow":"follow","max-snippet":"max-snippet:-1","max-image-preview":"max-image-preview:large","max-video-preview":"max-video-preview:-1"},"canonical":"https:\/\/masdoix.com\/es\/producto\/1902\/","og_locale":"es_ES","og_type":"article","og_title":"1902 - \u25b7 Celler Mas Doix | DOQ Priorat | Poboleda","og_description":"Nota de cata \u00abLa a\u00f1ada 2016 tiene aromas poderosos en nariz, no muy alejados de los del Doix del mismo a\u00f1o, con notas florales entrelazadas con notas de grafito y pizarra h\u00fameda, un toque de corteza y tierra y un mont\u00f3n de hierbas arom\u00e1ticas, que recuerdan el paisaje del Priorat. En boca revela taninos abundantes, [&hellip;]","og_url":"https:\/\/masdoix.com\/es\/producto\/1902\/","og_site_name":"\u25b7 Celler Mas Doix | DOQ Priorat | Poboleda","article_modified_time":"2021-01-19T19:15:44+00:00","twitter_card":"summary_large_image","schema":{"@context":"https:\/\/schema.org","@graph":[]}},"_links":{"self":[{"href":"https:\/\/masdoix.com\/es\/wp-json\/wp\/v2\/product\/801","targetHints":{"allow":["GET"]}}],"collection":[{"href":"https:\/\/masdoix.com\/es\/wp-json\/wp\/v2\/product"}],"about":[{"href":"https:\/\/masdoix.com\/es\/wp-json\/wp\/v2\/types\/product"}],"wp:attachment":[{"href":"https:\/\/masdoix.com\/es\/wp-json\/wp\/v2\/media?parent=801"}],"wp:term":[{"taxonomy":"product_brand","embeddable":true,"href":"https:\/\/masdoix.com\/es\/wp-json\/wp\/v2\/product_brand?post=801"},{"taxonomy":"product_cat","embeddable":true,"href":"https:\/\/masdoix.com\/es\/wp-json\/wp\/v2\/product_cat?post=801"},{"taxonomy":"product_tag","embeddable":true,"href":"https:\/\/masdoix.com\/es\/wp-json\/wp\/v2\/product_tag?post=801"},{"taxonomy":"giftcard-category","embeddable":true,"href":"https:\/\/masdoix.com\/es\/wp-json\/wp\/v2\/giftcard-category?post=801"}],"curies":[{"name":"wp","href":"https:\/\/api.w.org\/{rel}","templated":true}]}}

<h3>Nota de cata</h3>
<p class="p1">«La añada 2016 tiene aromas poderosos en nariz, no muy alejados de los del Doix del mismo año, con notas florales entrelazadas con notas de grafito y pizarra húmeda, un toque de corteza y tierra y un montón de hierbas aromáticas, que recuerdan el paisaje del Priorat. En boca revela taninos abundantes, ligeramente polvorientos con la frescura eléctrica del año».</p>
<p class="p1"><i>The Wine Advocate – Agosto de 2019</i></p>
<h3 class="p1">Añada<b> </b>2016</h3>
<p class="p2">Una añada para el recuerdo. Uvas pequeñas y saludables, fruto de uno de los veranos más secos que hemos tenido hasta ahora después de una primavera lluviosa. Las temperaturas medias moderadas con pequeñas lluvias en septiembre nos proporcionaron una de las cosechas más tranquilas y largas de los últimos años. Muy buena maduración y buena acidez. Una cosecha que marcará la diferencia, una de las mejores de los últimos años.</p>

<p>Nota de cata «La añada 2016 tiene aromas poderosos en nariz, no muy alejados de los del Doix del mismo año, con notas florales entrelazadas con notas de grafito y pizarra húmeda, un toque de corteza y tierra y un montón de hierbas aromáticas, que recuerdan el paisaje del Priorat. En boca revela taninos abundantes, [&hellip;]</p>

<!-- This site is optimized with the Yoast SEO plugin v26.4 - https://yoast.com/wordpress/plugins/seo/ -->
<title>1902 - ▷ Celler Mas Doix | DOQ Priorat | Poboleda</title>
<meta name="robots" content="index, follow, max-snippet:-1, max-image-preview:large, max-video-preview:-1" />
<link rel="canonical" href="https://masdoix.com/es/producto/1902/" />
<meta property="og:locale" content="es_ES" />
<meta property="og:type" content="article" />
<meta property="og:title" content="1902 - ▷ Celler Mas Doix | DOQ Priorat | Poboleda" />
<meta property="og:description" content="Nota de cata «La añada 2016 tiene aromas poderosos en nariz, no muy alejados de los del Doix del mismo año, con notas florales entrelazadas con notas de grafito y pizarra húmeda, un toque de corteza y tierra y un montón de hierbas aromáticas, que recuerdan el paisaje del Priorat. En boca revela taninos abundantes, [&hellip;]" />
<meta property="og:url" content="https://masdoix.com/es/producto/1902/" />
<meta property="og:site_name" content="▷ Celler Mas Doix | DOQ Priorat | Poboleda" />
<meta property="article:modified_time" content="2021-01-19T19:15:44+00:00" />
<meta name="twitter:card" content="summary_large_image" />
<!-- / Yoast SEO plugin. -->

Nota de cata «La añada 2016 tiene aromas poderosos en nariz, no muy alejados de los del Doix del mismo año, con notas florales entrelazadas con notas de grafito y pizarra húmeda, un toque de corteza y tierra y un montón de hierbas aromáticas, que recuerdan el paisaje del Priorat. En boca revela taninos abundantes, [&hellip;]
